{"id":26953,"date":"2025-09-29T15:34:18","date_gmt":"2025-09-29T15:34:18","guid":{"rendered":"https:\/\/www.domainedeprimard.fontenille-collection.com\/?post_type=arts_portfolio_item&#038;p=26953"},"modified":"2026-03-24T15:56:58","modified_gmt":"2026-03-24T15:56:58","slug":"habitacion-con-balcon-deluxe","status":"publish","type":"arts_portfolio_item","link":"https:\/\/www.domainedeprimard.fontenille-collection.com\/es\/portafolio\/habitacion-con-balcon-deluxe\/","title":{"rendered":"Habitaci\u00f3n Deluxe con balc\u00f3n"},"featured_media":0,"template":"","class_list":["post-26953","arts_portfolio_item","type-arts_portfolio_item","status-publish","hentry"],"acf":[],"yoast_head":"<!-- This site is optimized with the Yoast SEO plugin v27.5 - https:\/\/yoast.com\/product\/yoast-seo-wordpress\/ -->\n<title>Chambre Deluxe avec Balcon \u2013 S\u00e9jour romantique pr\u00e8s de Paris<\/title>\n<meta name=\"description\" content=\"Profitez d\u2019un balcon priv\u00e9 et du charme d\u2019un h\u00f4tel proche de Giverny. La promesse d\u2019un s\u00e9jour romantique au Domaine de Primard.\" \/>\n<meta name=\"robots\" content=\"index, follow, max-snippet:-1, max-image-preview:large, max-video-preview:-1\" \/>\n<link rel=\"canonical\" href=\"https:\/\/www.domainedeprimard.fontenille-collection.com\/es\/portafolio\/habitacion-con-balcon-deluxe\/\" \/>\n<meta property=\"og:locale\" content=\"es_ES\" \/>\n<meta property=\"og:type\" content=\"article\" \/>\n<meta property=\"og:title\" content=\"Chambre Deluxe avec Balcon \u2013 S\u00e9jour romantique pr\u00e8s de Paris\" \/>\n<meta property=\"og:description\" content=\"Profitez d\u2019un balcon priv\u00e9 et du charme d\u2019un h\u00f4tel proche de Giverny. La promesse d\u2019un s\u00e9jour romantique au Domaine de Primard.\" \/>\n<meta property=\"og:url\" content=\"https:\/\/www.domainedeprimard.fontenille-collection.com\/es\/portafolio\/habitacion-con-balcon-deluxe\/\" \/>\n<meta property=\"og:site_name\" content=\"Domaine de Primard - H\u00f4tel &amp; Spa d\u2019exception pr\u00e8s de Paris\" \/>\n<meta property=\"article:modified_time\" content=\"2026-03-24T15:56:58+00:00\" \/>\n<meta property=\"og:image\" content=\"https:\/\/www.domainedeprimard.fontenille-collection.com\/wp-content\/uploads\/2025\/10\/primard-giverny-campagne-eure-et-loire-proche-paris-chambre-lumiere-calme-campagne-charme-deluxe-balcon-chambre-charme-deluxe-768x768.webp\" \/>\n<meta name=\"twitter:card\" content=\"summary_large_image\" \/>\n<meta name=\"twitter:label1\" content=\"Tiempo de lectura\" \/>\n\t<meta name=\"twitter:data1\" content=\"8 minutos\" \/>\n<script type=\"application\/ld+json\" class=\"yoast-schema-graph\">{\"@context\":\"https:\\\/\\\/schema.org\",\"@graph\":[{\"@type\":\"WebPage\",\"@id\":\"https:\\\/\\\/www.domainedeprimard.fontenille-collection.com\\\/portfolio\\\/chambre-deluxe-balcon\\\/\",\"url\":\"https:\\\/\\\/www.domainedeprimard.fontenille-collection.com\\\/portfolio\\\/chambre-deluxe-balcon\\\/\",\"name\":\"Chambre Deluxe avec Balcon \u2013 S\u00e9jour romantique pr\u00e8s de Paris\",\"isPartOf\":{\"@id\":\"https:\\\/\\\/www.domainedeprimard.fontenille-collection.com\\\/#website\"},\"primaryImageOfPage\":{\"@id\":\"https:\\\/\\\/www.domainedeprimard.fontenille-collection.com\\\/portfolio\\\/chambre-deluxe-balcon\\\/#primaryimage\"},\"image\":{\"@id\":\"https:\\\/\\\/www.domainedeprimard.fontenille-collection.com\\\/portfolio\\\/chambre-deluxe-balcon\\\/#primaryimage\"},\"thumbnailUrl\":\"https:\\\/\\\/www.domainedeprimard.fontenille-collection.com\\\/wp-content\\\/uploads\\\/2025\\\/10\\\/primard-giverny-campagne-eure-et-loire-proche-paris-chambre-lumiere-calme-campagne-charme-deluxe-balcon-chambre-charme-deluxe-768x768.webp\",\"datePublished\":\"2025-09-29T15:34:18+00:00\",\"dateModified\":\"2026-03-24T15:56:58+00:00\",\"description\":\"Profitez d\u2019un balcon priv\u00e9 et du charme d\u2019un h\u00f4tel proche de Giverny. La promesse d\u2019un s\u00e9jour romantique au Domaine de Primard.\",\"breadcrumb\":{\"@id\":\"https:\\\/\\\/www.domainedeprimard.fontenille-collection.com\\\/portfolio\\\/chambre-deluxe-balcon\\\/#breadcrumb\"},\"inLanguage\":\"es\",\"potentialAction\":[{\"@type\":\"ReadAction\",\"target\":[\"https:\\\/\\\/www.domainedeprimard.fontenille-collection.com\\\/portfolio\\\/chambre-deluxe-balcon\\\/\"]}]},{\"@type\":\"ImageObject\",\"inLanguage\":\"es\",\"@id\":\"https:\\\/\\\/www.domainedeprimard.fontenille-collection.com\\\/portfolio\\\/chambre-deluxe-balcon\\\/#primaryimage\",\"url\":\"https:\\\/\\\/www.domainedeprimard.fontenille-collection.com\\\/wp-content\\\/uploads\\\/2025\\\/10\\\/primard-giverny-campagne-eure-et-loire-proche-paris-chambre-lumiere-calme-campagne-charme-deluxe-balcon-chambre-charme-deluxe-768x768.webp\",\"contentUrl\":\"https:\\\/\\\/www.domainedeprimard.fontenille-collection.com\\\/wp-content\\\/uploads\\\/2025\\\/10\\\/primard-giverny-campagne-eure-et-loire-proche-paris-chambre-lumiere-calme-campagne-charme-deluxe-balcon-chambre-charme-deluxe-768x768.webp\"},{\"@type\":\"BreadcrumbList\",\"@id\":\"https:\\\/\\\/www.domainedeprimard.fontenille-collection.com\\\/portfolio\\\/chambre-deluxe-balcon\\\/#breadcrumb\",\"itemListElement\":[{\"@type\":\"ListItem\",\"position\":1,\"name\":\"Accueil\",\"item\":\"https:\\\/\\\/www.domainedeprimard.fontenille-collection.com\\\/\"},{\"@type\":\"ListItem\",\"position\":2,\"name\":\"Chambre Deluxe Balcon\"}]},{\"@type\":\"WebSite\",\"@id\":\"https:\\\/\\\/www.domainedeprimard.fontenille-collection.com\\\/#website\",\"url\":\"https:\\\/\\\/www.domainedeprimard.fontenille-collection.com\\\/\",\"name\":\"Domaine de Primard - H\u00f4tel &amp; Spa d\u2019exception pr\u00e8s de Paris\",\"description\":\"Aux portes de Giverny, l\u2019art des jardins et le romantisme d\u2019un Ch\u00e2teau\",\"publisher\":{\"@id\":\"https:\\\/\\\/www.domainedeprimard.fontenille-collection.com\\\/#organization\"},\"potentialAction\":[{\"@type\":\"SearchAction\",\"target\":{\"@type\":\"EntryPoint\",\"urlTemplate\":\"https:\\\/\\\/www.domainedeprimard.fontenille-collection.com\\\/?s={search_term_string}\"},\"query-input\":{\"@type\":\"PropertyValueSpecification\",\"valueRequired\":true,\"valueName\":\"search_term_string\"}}],\"inLanguage\":\"es\"},{\"@type\":\"Organization\",\"@id\":\"https:\\\/\\\/www.domainedeprimard.fontenille-collection.com\\\/#organization\",\"name\":\"Domaine de Primard - H\u00f4tel &amp; Spa d\u2019exception pr\u00e8s de Paris\",\"url\":\"https:\\\/\\\/www.domainedeprimard.fontenille-collection.com\\\/\",\"logo\":{\"@type\":\"ImageObject\",\"inLanguage\":\"es\",\"@id\":\"https:\\\/\\\/www.domainedeprimard.fontenille-collection.com\\\/#\\\/schema\\\/logo\\\/image\\\/\",\"url\":\"https:\\\/\\\/www.domainedeprimard.fontenille-collection.com\\\/wp-content\\\/uploads\\\/2024\\\/11\\\/LOGO-DOMAINE-DE-PRIMARD-WHITE.png\",\"contentUrl\":\"https:\\\/\\\/www.domainedeprimard.fontenille-collection.com\\\/wp-content\\\/uploads\\\/2024\\\/11\\\/LOGO-DOMAINE-DE-PRIMARD-WHITE.png\",\"width\":1889,\"height\":212,\"caption\":\"Domaine de Primard - H\u00f4tel &amp; Spa d\u2019exception pr\u00e8s de Paris\"},\"image\":{\"@id\":\"https:\\\/\\\/www.domainedeprimard.fontenille-collection.com\\\/#\\\/schema\\\/logo\\\/image\\\/\"}}]}<\/script>\n<!-- \/ Yoast SEO plugin. -->","yoast_head_json":{"title":"Habitaci\u00f3n Deluxe con balc\u00f3n - Estancia rom\u00e1ntica cerca de Par\u00eds","description":"Disfrute de un balc\u00f3n privado y del encanto de un hotel cerca de Giverny. La promesa de una estancia rom\u00e1ntica en el Domaine de Primard.","robots":{"index":"index","follow":"follow","max-snippet":"max-snippet:-1","max-image-preview":"max-image-preview:large","max-video-preview":"max-video-preview:-1"},"canonical":"https:\/\/www.domainedeprimard.fontenille-collection.com\/es\/portafolio\/habitacion-con-balcon-deluxe\/","og_locale":"es_ES","og_type":"article","og_title":"Chambre Deluxe avec Balcon \u2013 S\u00e9jour romantique pr\u00e8s de Paris","og_description":"Profitez d\u2019un balcon priv\u00e9 et du charme d\u2019un h\u00f4tel proche de Giverny. La promesse d\u2019un s\u00e9jour romantique au Domaine de Primard.","og_url":"https:\/\/www.domainedeprimard.fontenille-collection.com\/es\/portafolio\/habitacion-con-balcon-deluxe\/","og_site_name":"Domaine de Primard - H\u00f4tel &amp; Spa d\u2019exception pr\u00e8s de Paris","article_modified_time":"2026-03-24T15:56:58+00:00","og_image":[{"url":"https:\/\/www.domainedeprimard.fontenille-collection.com\/wp-content\/uploads\/2025\/10\/primard-giverny-campagne-eure-et-loire-proche-paris-chambre-lumiere-calme-campagne-charme-deluxe-balcon-chambre-charme-deluxe-768x768.webp","type":"","width":"","height":""}],"twitter_card":"summary_large_image","twitter_misc":{"Tiempo de lectura":"8 minutos"},"schema":{"@context":"https:\/\/schema.org","@graph":[{"@type":"WebPage","@id":"https:\/\/www.domainedeprimard.fontenille-collection.com\/portfolio\/chambre-deluxe-balcon\/","url":"https:\/\/www.domainedeprimard.fontenille-collection.com\/portfolio\/chambre-deluxe-balcon\/","name":"Habitaci\u00f3n Deluxe con balc\u00f3n - Estancia rom\u00e1ntica cerca de Par\u00eds","isPartOf":{"@id":"https:\/\/www.domainedeprimard.fontenille-collection.com\/#website"},"primaryImageOfPage":{"@id":"https:\/\/www.domainedeprimard.fontenille-collection.com\/portfolio\/chambre-deluxe-balcon\/#primaryimage"},"image":{"@id":"https:\/\/www.domainedeprimard.fontenille-collection.com\/portfolio\/chambre-deluxe-balcon\/#primaryimage"},"thumbnailUrl":"https:\/\/www.domainedeprimard.fontenille-collection.com\/wp-content\/uploads\/2025\/10\/primard-giverny-campagne-eure-et-loire-proche-paris-chambre-lumiere-calme-campagne-charme-deluxe-balcon-chambre-charme-deluxe-768x768.webp","datePublished":"2025-09-29T15:34:18+00:00","dateModified":"2026-03-24T15:56:58+00:00","description":"Disfrute de un balc\u00f3n privado y del encanto de un hotel cerca de Giverny. La promesa de una estancia rom\u00e1ntica en el Domaine de Primard.","breadcrumb":{"@id":"https:\/\/www.domainedeprimard.fontenille-collection.com\/portfolio\/chambre-deluxe-balcon\/#breadcrumb"},"inLanguage":"es","potentialAction":[{"@type":"ReadAction","target":["https:\/\/www.domainedeprimard.fontenille-collection.com\/portfolio\/chambre-deluxe-balcon\/"]}]},{"@type":"ImageObject","inLanguage":"es","@id":"https:\/\/www.domainedeprimard.fontenille-collection.com\/portfolio\/chambre-deluxe-balcon\/#primaryimage","url":"https:\/\/www.domainedeprimard.fontenille-collection.com\/wp-content\/uploads\/2025\/10\/primard-giverny-campagne-eure-et-loire-proche-paris-chambre-lumiere-calme-campagne-charme-deluxe-balcon-chambre-charme-deluxe-768x768.webp","contentUrl":"https:\/\/www.domainedeprimard.fontenille-collection.com\/wp-content\/uploads\/2025\/10\/primard-giverny-campagne-eure-et-loire-proche-paris-chambre-lumiere-calme-campagne-charme-deluxe-balcon-chambre-charme-deluxe-768x768.webp"},{"@type":"BreadcrumbList","@id":"https:\/\/www.domainedeprimard.fontenille-collection.com\/portfolio\/chambre-deluxe-balcon\/#breadcrumb","itemListElement":[{"@type":"ListItem","position":1,"name":"Accueil","item":"https:\/\/www.domainedeprimard.fontenille-collection.com\/"},{"@type":"ListItem","position":2,"name":"Chambre Deluxe Balcon"}]},{"@type":"WebSite","@id":"https:\/\/www.domainedeprimard.fontenille-collection.com\/#website","url":"https:\/\/www.domainedeprimard.fontenille-collection.com\/","name":"Domaine de Primard - Hotel &amp; Spa excepcional cerca de Par\u00eds","description":"A las puertas de Giverny, el arte de los jardines y el romanticismo de un castillo","publisher":{"@id":"https:\/\/www.domainedeprimard.fontenille-collection.com\/#organization"},"potentialAction":[{"@type":"SearchAction","target":{"@type":"EntryPoint","urlTemplate":"https:\/\/www.domainedeprimard.fontenille-collection.com\/?s={search_term_string}"},"query-input":{"@type":"PropertyValueSpecification","valueRequired":true,"valueName":"search_term_string"}}],"inLanguage":"es"},{"@type":"Organization","@id":"https:\/\/www.domainedeprimard.fontenille-collection.com\/#organization","name":"Domaine de Primard - Hotel &amp; Spa excepcional cerca de Par\u00eds","url":"https:\/\/www.domainedeprimard.fontenille-collection.com\/","logo":{"@type":"ImageObject","inLanguage":"es","@id":"https:\/\/www.domainedeprimard.fontenille-collection.com\/#\/schema\/logo\/image\/","url":"https:\/\/www.domainedeprimard.fontenille-collection.com\/wp-content\/uploads\/2024\/11\/LOGO-DOMAINE-DE-PRIMARD-WHITE.png","contentUrl":"https:\/\/www.domainedeprimard.fontenille-collection.com\/wp-content\/uploads\/2024\/11\/LOGO-DOMAINE-DE-PRIMARD-WHITE.png","width":1889,"height":212,"caption":"Domaine de Primard - H\u00f4tel &amp; Spa d\u2019exception pr\u00e8s de Paris"},"image":{"@id":"https:\/\/www.domainedeprimard.fontenille-collection.com\/#\/schema\/logo\/image\/"}}]}},"_links":{"self":[{"href":"https:\/\/www.domainedeprimard.fontenille-collection.com\/es\/wp-json\/wp\/v2\/arts_portfolio_item\/26953","targetHints":{"allow":["GET"]}}],"collection":[{"href":"https:\/\/www.domainedeprimard.fontenille-collection.com\/es\/wp-json\/wp\/v2\/arts_portfolio_item"}],"about":[{"href":"https:\/\/www.domainedeprimard.fontenille-collection.com\/es\/wp-json\/wp\/v2\/types\/arts_portfolio_item"}],"version-history":[{"count":34,"href":"https:\/\/www.domainedeprimard.fontenille-collection.com\/es\/wp-json\/wp\/v2\/arts_portfolio_item\/26953\/revisions"}],"predecessor-version":[{"id":30224,"href":"https:\/\/www.domainedeprimard.fontenille-collection.com\/es\/wp-json\/wp\/v2\/arts_portfolio_item\/26953\/revisions\/30224"}],"wp:attachment":[{"href":"https:\/\/www.domainedeprimard.fontenille-collection.com\/es\/wp-json\/wp\/v2\/media?parent=26953"}],"curies":[{"name":"wp","href":"https:\/\/api.w.org\/{rel}","templated":true}]}}

Habitación Deluxe con balcón

<!-- This site is optimized with the Yoast SEO plugin v27.5 - https://yoast.com/product/yoast-seo-wordpress/ -->
<title>Chambre Deluxe avec Balcon – Séjour romantique près de Paris</title>
<meta name="description" content="Profitez d’un balcon privé et du charme d’un hôtel proche de Giverny. La promesse d’un séjour romantique au Domaine de Primard." />
<meta name="robots" content="index, follow, max-snippet:-1, max-image-preview:large, max-video-preview:-1" />
<link rel="canonical" href="https://www.domainedeprimard.fontenille-collection.com/es/portafolio/habitacion-con-balcon-deluxe/" />
<meta property="og:locale" content="es_ES" />
<meta property="og:type" content="article" />
<meta property="og:title" content="Chambre Deluxe avec Balcon – Séjour romantique près de Paris" />
<meta property="og:description" content="Profitez d’un balcon privé et du charme d’un hôtel proche de Giverny. La promesse d’un séjour romantique au Domaine de Primard." />
<meta property="og:url" content="https://www.domainedeprimard.fontenille-collection.com/es/portafolio/habitacion-con-balcon-deluxe/" />
<meta property="og:site_name" content="Domaine de Primard - Hôtel &amp; Spa d’exception près de Paris" />
<meta property="article:modified_time" content="2026-03-24T15:56:58+00:00" />
<meta property="og:image" content="https://www.domainedeprimard.fontenille-collection.com/wp-content/uploads/2025/10/primard-giverny-campagne-eure-et-loire-proche-paris-chambre-lumiere-calme-campagne-charme-deluxe-balcon-chambre-charme-deluxe-768x768.webp" />
<meta name="twitter:card" content="summary_large_image" />
<meta name="twitter:label1" content="Tiempo de lectura" />
	<meta name="twitter:data1" content="8 minutos" />
<script type="application/ld+json" class="yoast-schema-graph">{"@context":"https:\/\/schema.org","@graph":[{"@type":"WebPage","@id":"https:\/\/www.domainedeprimard.fontenille-collection.com\/portfolio\/chambre-deluxe-balcon\/","url":"https:\/\/www.domainedeprimard.fontenille-collection.com\/portfolio\/chambre-deluxe-balcon\/","name":"Chambre Deluxe avec Balcon – Séjour romantique près de Paris","isPartOf":{"@id":"https:\/\/www.domainedeprimard.fontenille-collection.com\/#website"},"primaryImageOfPage":{"@id":"https:\/\/www.domainedeprimard.fontenille-collection.com\/portfolio\/chambre-deluxe-balcon\/#primaryimage"},"image":{"@id":"https:\/\/www.domainedeprimard.fontenille-collection.com\/portfolio\/chambre-deluxe-balcon\/#primaryimage"},"thumbnailUrl":"https:\/\/www.domainedeprimard.fontenille-collection.com\/wp-content\/uploads\/2025\/10\/primard-giverny-campagne-eure-et-loire-proche-paris-chambre-lumiere-calme-campagne-charme-deluxe-balcon-chambre-charme-deluxe-768x768.webp","datePublished":"2025-09-29T15:34:18+00:00","dateModified":"2026-03-24T15:56:58+00:00","description":"Profitez d’un balcon privé et du charme d’un hôtel proche de Giverny. La promesse d’un séjour romantique au Domaine de Primard.","breadcrumb":{"@id":"https:\/\/www.domainedeprimard.fontenille-collection.com\/portfolio\/chambre-deluxe-balcon\/#breadcrumb"},"inLanguage":"es","potentialAction":[{"@type":"ReadAction","target":["https:\/\/www.domainedeprimard.fontenille-collection.com\/portfolio\/chambre-deluxe-balcon\/"]}]},{"@type":"ImageObject","inLanguage":"es","@id":"https:\/\/www.domainedeprimard.fontenille-collection.com\/portfolio\/chambre-deluxe-balcon\/#primaryimage","url":"https:\/\/www.domainedeprimard.fontenille-collection.com\/wp-content\/uploads\/2025\/10\/primard-giverny-campagne-eure-et-loire-proche-paris-chambre-lumiere-calme-campagne-charme-deluxe-balcon-chambre-charme-deluxe-768x768.webp","contentUrl":"https:\/\/www.domainedeprimard.fontenille-collection.com\/wp-content\/uploads\/2025\/10\/primard-giverny-campagne-eure-et-loire-proche-paris-chambre-lumiere-calme-campagne-charme-deluxe-balcon-chambre-charme-deluxe-768x768.webp"},{"@type":"BreadcrumbList","@id":"https:\/\/www.domainedeprimard.fontenille-collection.com\/portfolio\/chambre-deluxe-balcon\/#breadcrumb","itemListElement":[{"@type":"ListItem","position":1,"name":"Accueil","item":"https:\/\/www.domainedeprimard.fontenille-collection.com\/"},{"@type":"ListItem","position":2,"name":"Chambre Deluxe Balcon"}]},{"@type":"WebSite","@id":"https:\/\/www.domainedeprimard.fontenille-collection.com\/#website","url":"https:\/\/www.domainedeprimard.fontenille-collection.com\/","name":"Domaine de Primard - Hôtel &amp; Spa d’exception près de Paris","description":"Aux portes de Giverny, l’art des jardins et le romantisme d’un Château","publisher":{"@id":"https:\/\/www.domainedeprimard.fontenille-collection.com\/#organization"},"potentialAction":[{"@type":"SearchAction","target":{"@type":"EntryPoint","urlTemplate":"https:\/\/www.domainedeprimard.fontenille-collection.com\/?s={search_term_string}"},"query-input":{"@type":"PropertyValueSpecification","valueRequired":true,"valueName":"search_term_string"}}],"inLanguage":"es"},{"@type":"Organization","@id":"https:\/\/www.domainedeprimard.fontenille-collection.com\/#organization","name":"Domaine de Primard - Hôtel &amp; Spa d’exception près de Paris","url":"https:\/\/www.domainedeprimard.fontenille-collection.com\/","logo":{"@type":"ImageObject","inLanguage":"es","@id":"https:\/\/www.domainedeprimard.fontenille-collection.com\/#\/schema\/logo\/image\/","url":"https:\/\/www.domainedeprimard.fontenille-collection.com\/wp-content\/uploads\/2024\/11\/LOGO-DOMAINE-DE-PRIMARD-WHITE.png","contentUrl":"https:\/\/www.domainedeprimard.fontenille-collection.com\/wp-content\/uploads\/2024\/11\/LOGO-DOMAINE-DE-PRIMARD-WHITE.png","width":1889,"height":212,"caption":"Domaine de Primard - Hôtel &amp; Spa d’exception près de Paris"},"image":{"@id":"https:\/\/www.domainedeprimard.fontenille-collection.com\/#\/schema\/logo\/image\/"}}]}</script>
<!-- / Yoast SEO plugin. -->

Habitación Deluxe con balcón - Estancia romántica cerca de París

Disfrute de un balcón privado y del encanto de un hotel cerca de Giverny. La promesa de una estancia romántica en el Domaine de Primard.

Chambre Deluxe avec Balcon – Séjour romantique près de Paris

Profitez d’un balcon privé et du charme d’un hôtel proche de Giverny. La promesse d’un séjour romantique au Domaine de Primard.

Domaine de Primard - Hôtel &amp; Spa d’exception près de Paris

Domaine de Primard - Hotel &amp; Spa excepcional cerca de París
