{"id":26962,"date":"2025-09-30T11:22:03","date_gmt":"2025-09-30T11:22:03","guid":{"rendered":"https:\/\/www.domainedeprimard.fontenille-collection.com\/?post_type=arts_portfolio_item&#038;p=26962"},"modified":"2026-03-24T16:01:00","modified_gmt":"2026-03-24T16:01:00","slug":"large-deluxe-room","status":"publish","type":"arts_portfolio_item","link":"https:\/\/www.domainedeprimard.fontenille-collection.com\/en\/portfolio\/large-deluxe-room\/","title":{"rendered":"Grande Deluxe"},"featured_media":0,"template":"","class_list":["post-26962","arts_portfolio_item","type-arts_portfolio_item","status-publish","hentry"],"acf":[],"yoast_head":"<!-- This site is optimized with the Yoast SEO plugin v27.5 - https:\/\/yoast.com\/product\/yoast-seo-wordpress\/ -->\n<title>Grande Chambre Deluxe \u2013 Ch\u00e2teau de Primard<\/title>\n<meta name=\"description\" content=\"\u00c9l\u00e9gance et ambiance champ\u00eatre une Grande Deluxe au Domaine de Primard vue sur l&#039;Eure. Un s\u00e9jour de charme \u00e0 1 heure de Paris.\" \/>\n<meta name=\"robots\" content=\"index, follow, max-snippet:-1, max-image-preview:large, max-video-preview:-1\" \/>\n<link rel=\"canonical\" href=\"https:\/\/www.domainedeprimard.fontenille-collection.com\/en\/portfolio\/large-deluxe-room\/\" \/>\n<meta property=\"og:locale\" content=\"en_US\" \/>\n<meta property=\"og:type\" content=\"article\" \/>\n<meta property=\"og:title\" content=\"Grande Chambre Deluxe \u2013 Ch\u00e2teau de Primard\" \/>\n<meta property=\"og:description\" content=\"\u00c9l\u00e9gance et ambiance champ\u00eatre une Grande Deluxe au Domaine de Primard vue sur l&#039;Eure. Un s\u00e9jour de charme \u00e0 1 heure de Paris.\" \/>\n<meta property=\"og:url\" content=\"https:\/\/www.domainedeprimard.fontenille-collection.com\/en\/portfolio\/large-deluxe-room\/\" \/>\n<meta property=\"og:site_name\" content=\"Domaine de Primard - H\u00f4tel &amp; Spa d\u2019exception pr\u00e8s de Paris\" \/>\n<meta property=\"article:modified_time\" content=\"2026-03-24T16:01:00+00:00\" \/>\n<meta property=\"og:image\" content=\"https:\/\/www.domainedeprimard.fontenille-collection.com\/wp-content\/uploads\/2025\/10\/primard-giverny-campagne-eure-et-loire-proche-paris-chambre-lumiere-calme-campagne-charme-chambre-superieure-nature-768x768.webp\" \/>\n<meta name=\"twitter:card\" content=\"summary_large_image\" \/>\n<meta name=\"twitter:label1\" content=\"Est. reading time\" \/>\n\t<meta name=\"twitter:data1\" content=\"7 minutes\" \/>\n<script type=\"application\/ld+json\" class=\"yoast-schema-graph\">{\"@context\":\"https:\\\/\\\/schema.org\",\"@graph\":[{\"@type\":\"WebPage\",\"@id\":\"https:\\\/\\\/www.domainedeprimard.fontenille-collection.com\\\/portfolio\\\/grande-chambre-deluxe\\\/\",\"url\":\"https:\\\/\\\/www.domainedeprimard.fontenille-collection.com\\\/portfolio\\\/grande-chambre-deluxe\\\/\",\"name\":\"Grande Chambre Deluxe \u2013 Ch\u00e2teau de Primard\",\"isPartOf\":{\"@id\":\"https:\\\/\\\/www.domainedeprimard.fontenille-collection.com\\\/#website\"},\"primaryImageOfPage\":{\"@id\":\"https:\\\/\\\/www.domainedeprimard.fontenille-collection.com\\\/portfolio\\\/grande-chambre-deluxe\\\/#primaryimage\"},\"image\":{\"@id\":\"https:\\\/\\\/www.domainedeprimard.fontenille-collection.com\\\/portfolio\\\/grande-chambre-deluxe\\\/#primaryimage\"},\"thumbnailUrl\":\"https:\\\/\\\/www.domainedeprimard.fontenille-collection.com\\\/wp-content\\\/uploads\\\/2025\\\/10\\\/primard-giverny-campagne-eure-et-loire-proche-paris-chambre-lumiere-calme-campagne-charme-chambre-superieure-nature-768x768.webp\",\"datePublished\":\"2025-09-30T11:22:03+00:00\",\"dateModified\":\"2026-03-24T16:01:00+00:00\",\"description\":\"\u00c9l\u00e9gance et ambiance champ\u00eatre une Grande Deluxe au Domaine de Primard vue sur l'Eure. Un s\u00e9jour de charme \u00e0 1 heure de Paris.\",\"breadcrumb\":{\"@id\":\"https:\\\/\\\/www.domainedeprimard.fontenille-collection.com\\\/portfolio\\\/grande-chambre-deluxe\\\/#breadcrumb\"},\"inLanguage\":\"en-US\",\"potentialAction\":[{\"@type\":\"ReadAction\",\"target\":[\"https:\\\/\\\/www.domainedeprimard.fontenille-collection.com\\\/portfolio\\\/grande-chambre-deluxe\\\/\"]}]},{\"@type\":\"ImageObject\",\"inLanguage\":\"en-US\",\"@id\":\"https:\\\/\\\/www.domainedeprimard.fontenille-collection.com\\\/portfolio\\\/grande-chambre-deluxe\\\/#primaryimage\",\"url\":\"https:\\\/\\\/www.domainedeprimard.fontenille-collection.com\\\/wp-content\\\/uploads\\\/2025\\\/10\\\/primard-giverny-campagne-eure-et-loire-proche-paris-chambre-lumiere-calme-campagne-charme-chambre-superieure-nature-768x768.webp\",\"contentUrl\":\"https:\\\/\\\/www.domainedeprimard.fontenille-collection.com\\\/wp-content\\\/uploads\\\/2025\\\/10\\\/primard-giverny-campagne-eure-et-loire-proche-paris-chambre-lumiere-calme-campagne-charme-chambre-superieure-nature-768x768.webp\"},{\"@type\":\"BreadcrumbList\",\"@id\":\"https:\\\/\\\/www.domainedeprimard.fontenille-collection.com\\\/portfolio\\\/grande-chambre-deluxe\\\/#breadcrumb\",\"itemListElement\":[{\"@type\":\"ListItem\",\"position\":1,\"name\":\"Accueil\",\"item\":\"https:\\\/\\\/www.domainedeprimard.fontenille-collection.com\\\/\"},{\"@type\":\"ListItem\",\"position\":2,\"name\":\"Grande Deluxe\"}]},{\"@type\":\"WebSite\",\"@id\":\"https:\\\/\\\/www.domainedeprimard.fontenille-collection.com\\\/#website\",\"url\":\"https:\\\/\\\/www.domainedeprimard.fontenille-collection.com\\\/\",\"name\":\"Domaine de Primard - H\u00f4tel &amp; Spa d\u2019exception pr\u00e8s de Paris\",\"description\":\"Aux portes de Giverny, l\u2019art des jardins et le romantisme d\u2019un Ch\u00e2teau\",\"publisher\":{\"@id\":\"https:\\\/\\\/www.domainedeprimard.fontenille-collection.com\\\/#organization\"},\"potentialAction\":[{\"@type\":\"SearchAction\",\"target\":{\"@type\":\"EntryPoint\",\"urlTemplate\":\"https:\\\/\\\/www.domainedeprimard.fontenille-collection.com\\\/?s={search_term_string}\"},\"query-input\":{\"@type\":\"PropertyValueSpecification\",\"valueRequired\":true,\"valueName\":\"search_term_string\"}}],\"inLanguage\":\"en-US\"},{\"@type\":\"Organization\",\"@id\":\"https:\\\/\\\/www.domainedeprimard.fontenille-collection.com\\\/#organization\",\"name\":\"Domaine de Primard - H\u00f4tel &amp; Spa d\u2019exception pr\u00e8s de Paris\",\"url\":\"https:\\\/\\\/www.domainedeprimard.fontenille-collection.com\\\/\",\"logo\":{\"@type\":\"ImageObject\",\"inLanguage\":\"en-US\",\"@id\":\"https:\\\/\\\/www.domainedeprimard.fontenille-collection.com\\\/#\\\/schema\\\/logo\\\/image\\\/\",\"url\":\"https:\\\/\\\/www.domainedeprimard.fontenille-collection.com\\\/wp-content\\\/uploads\\\/2024\\\/11\\\/LOGO-DOMAINE-DE-PRIMARD-WHITE.png\",\"contentUrl\":\"https:\\\/\\\/www.domainedeprimard.fontenille-collection.com\\\/wp-content\\\/uploads\\\/2024\\\/11\\\/LOGO-DOMAINE-DE-PRIMARD-WHITE.png\",\"width\":1889,\"height\":212,\"caption\":\"Domaine de Primard - H\u00f4tel &amp; Spa d\u2019exception pr\u00e8s de Paris\"},\"image\":{\"@id\":\"https:\\\/\\\/www.domainedeprimard.fontenille-collection.com\\\/#\\\/schema\\\/logo\\\/image\\\/\"}}]}<\/script>\n<!-- \/ Yoast SEO plugin. -->","yoast_head_json":{"title":"Large Deluxe Room - Ch\u00e2teau de Primard","description":"Elegance and country atmosphere in a Grande Deluxe at Domaine de Primard overlooking the Eure. A charming stay just 1 hour from Paris.","robots":{"index":"index","follow":"follow","max-snippet":"max-snippet:-1","max-image-preview":"max-image-preview:large","max-video-preview":"max-video-preview:-1"},"canonical":"https:\/\/www.domainedeprimard.fontenille-collection.com\/en\/portfolio\/large-deluxe-room\/","og_locale":"en_US","og_type":"article","og_title":"Grande Chambre Deluxe \u2013 Ch\u00e2teau de Primard","og_description":"\u00c9l\u00e9gance et ambiance champ\u00eatre une Grande Deluxe au Domaine de Primard vue sur l'Eure. Un s\u00e9jour de charme \u00e0 1 heure de Paris.","og_url":"https:\/\/www.domainedeprimard.fontenille-collection.com\/en\/portfolio\/large-deluxe-room\/","og_site_name":"Domaine de Primard - H\u00f4tel &amp; Spa d\u2019exception pr\u00e8s de Paris","article_modified_time":"2026-03-24T16:01:00+00:00","og_image":[{"url":"https:\/\/www.domainedeprimard.fontenille-collection.com\/wp-content\/uploads\/2025\/10\/primard-giverny-campagne-eure-et-loire-proche-paris-chambre-lumiere-calme-campagne-charme-chambre-superieure-nature-768x768.webp","type":"","width":"","height":""}],"twitter_card":"summary_large_image","twitter_misc":{"Est. reading time":"7 minutes"},"schema":{"@context":"https:\/\/schema.org","@graph":[{"@type":"WebPage","@id":"https:\/\/www.domainedeprimard.fontenille-collection.com\/portfolio\/grande-chambre-deluxe\/","url":"https:\/\/www.domainedeprimard.fontenille-collection.com\/portfolio\/grande-chambre-deluxe\/","name":"Large Deluxe Room - Ch\u00e2teau de Primard","isPartOf":{"@id":"https:\/\/www.domainedeprimard.fontenille-collection.com\/#website"},"primaryImageOfPage":{"@id":"https:\/\/www.domainedeprimard.fontenille-collection.com\/portfolio\/grande-chambre-deluxe\/#primaryimage"},"image":{"@id":"https:\/\/www.domainedeprimard.fontenille-collection.com\/portfolio\/grande-chambre-deluxe\/#primaryimage"},"thumbnailUrl":"https:\/\/www.domainedeprimard.fontenille-collection.com\/wp-content\/uploads\/2025\/10\/primard-giverny-campagne-eure-et-loire-proche-paris-chambre-lumiere-calme-campagne-charme-chambre-superieure-nature-768x768.webp","datePublished":"2025-09-30T11:22:03+00:00","dateModified":"2026-03-24T16:01:00+00:00","description":"Elegance and country atmosphere in a Grande Deluxe at Domaine de Primard overlooking the Eure. A charming stay just 1 hour from Paris.","breadcrumb":{"@id":"https:\/\/www.domainedeprimard.fontenille-collection.com\/portfolio\/grande-chambre-deluxe\/#breadcrumb"},"inLanguage":"en-US","potentialAction":[{"@type":"ReadAction","target":["https:\/\/www.domainedeprimard.fontenille-collection.com\/portfolio\/grande-chambre-deluxe\/"]}]},{"@type":"ImageObject","inLanguage":"en-US","@id":"https:\/\/www.domainedeprimard.fontenille-collection.com\/portfolio\/grande-chambre-deluxe\/#primaryimage","url":"https:\/\/www.domainedeprimard.fontenille-collection.com\/wp-content\/uploads\/2025\/10\/primard-giverny-campagne-eure-et-loire-proche-paris-chambre-lumiere-calme-campagne-charme-chambre-superieure-nature-768x768.webp","contentUrl":"https:\/\/www.domainedeprimard.fontenille-collection.com\/wp-content\/uploads\/2025\/10\/primard-giverny-campagne-eure-et-loire-proche-paris-chambre-lumiere-calme-campagne-charme-chambre-superieure-nature-768x768.webp"},{"@type":"BreadcrumbList","@id":"https:\/\/www.domainedeprimard.fontenille-collection.com\/portfolio\/grande-chambre-deluxe\/#breadcrumb","itemListElement":[{"@type":"ListItem","position":1,"name":"Accueil","item":"https:\/\/www.domainedeprimard.fontenille-collection.com\/"},{"@type":"ListItem","position":2,"name":"Grande Deluxe"}]},{"@type":"WebSite","@id":"https:\/\/www.domainedeprimard.fontenille-collection.com\/#website","url":"https:\/\/www.domainedeprimard.fontenille-collection.com\/","name":"Domaine de Primard - Exceptional hotel &amp; spa near Paris","description":"At the gates of Giverny, the art of gardens and the romance of a Ch\u00e2teau","publisher":{"@id":"https:\/\/www.domainedeprimard.fontenille-collection.com\/#organization"},"potentialAction":[{"@type":"SearchAction","target":{"@type":"EntryPoint","urlTemplate":"https:\/\/www.domainedeprimard.fontenille-collection.com\/?s={search_term_string}"},"query-input":{"@type":"PropertyValueSpecification","valueRequired":true,"valueName":"search_term_string"}}],"inLanguage":"en-US"},{"@type":"Organization","@id":"https:\/\/www.domainedeprimard.fontenille-collection.com\/#organization","name":"Domaine de Primard - Exceptional hotel &amp; spa near Paris","url":"https:\/\/www.domainedeprimard.fontenille-collection.com\/","logo":{"@type":"ImageObject","inLanguage":"en-US","@id":"https:\/\/www.domainedeprimard.fontenille-collection.com\/#\/schema\/logo\/image\/","url":"https:\/\/www.domainedeprimard.fontenille-collection.com\/wp-content\/uploads\/2024\/11\/LOGO-DOMAINE-DE-PRIMARD-WHITE.png","contentUrl":"https:\/\/www.domainedeprimard.fontenille-collection.com\/wp-content\/uploads\/2024\/11\/LOGO-DOMAINE-DE-PRIMARD-WHITE.png","width":1889,"height":212,"caption":"Domaine de Primard - H\u00f4tel &amp; Spa d\u2019exception pr\u00e8s de Paris"},"image":{"@id":"https:\/\/www.domainedeprimard.fontenille-collection.com\/#\/schema\/logo\/image\/"}}]}},"_links":{"self":[{"href":"https:\/\/www.domainedeprimard.fontenille-collection.com\/en\/wp-json\/wp\/v2\/arts_portfolio_item\/26962","targetHints":{"allow":["GET"]}}],"collection":[{"href":"https:\/\/www.domainedeprimard.fontenille-collection.com\/en\/wp-json\/wp\/v2\/arts_portfolio_item"}],"about":[{"href":"https:\/\/www.domainedeprimard.fontenille-collection.com\/en\/wp-json\/wp\/v2\/types\/arts_portfolio_item"}],"version-history":[{"count":39,"href":"https:\/\/www.domainedeprimard.fontenille-collection.com\/en\/wp-json\/wp\/v2\/arts_portfolio_item\/26962\/revisions"}],"predecessor-version":[{"id":30230,"href":"https:\/\/www.domainedeprimard.fontenille-collection.com\/en\/wp-json\/wp\/v2\/arts_portfolio_item\/26962\/revisions\/30230"}],"wp:attachment":[{"href":"https:\/\/www.domainedeprimard.fontenille-collection.com\/en\/wp-json\/wp\/v2\/media?parent=26962"}],"curies":[{"name":"wp","href":"https:\/\/api.w.org\/{rel}","templated":true}]}}

<!-- This site is optimized with the Yoast SEO plugin v27.5 - https://yoast.com/product/yoast-seo-wordpress/ -->
<title>Grande Chambre Deluxe – Château de Primard</title>
<meta name="description" content="Élégance et ambiance champêtre une Grande Deluxe au Domaine de Primard vue sur l&#039;Eure. Un séjour de charme à 1 heure de Paris." />
<meta name="robots" content="index, follow, max-snippet:-1, max-image-preview:large, max-video-preview:-1" />
<link rel="canonical" href="https://www.domainedeprimard.fontenille-collection.com/en/portfolio/large-deluxe-room/" />
<meta property="og:locale" content="en_US" />
<meta property="og:type" content="article" />
<meta property="og:title" content="Grande Chambre Deluxe – Château de Primard" />
<meta property="og:description" content="Élégance et ambiance champêtre une Grande Deluxe au Domaine de Primard vue sur l&#039;Eure. Un séjour de charme à 1 heure de Paris." />
<meta property="og:url" content="https://www.domainedeprimard.fontenille-collection.com/en/portfolio/large-deluxe-room/" />
<meta property="og:site_name" content="Domaine de Primard - Hôtel &amp; Spa d’exception près de Paris" />
<meta property="article:modified_time" content="2026-03-24T16:01:00+00:00" />
<meta property="og:image" content="https://www.domainedeprimard.fontenille-collection.com/wp-content/uploads/2025/10/primard-giverny-campagne-eure-et-loire-proche-paris-chambre-lumiere-calme-campagne-charme-chambre-superieure-nature-768x768.webp" />
<meta name="twitter:card" content="summary_large_image" />
<meta name="twitter:label1" content="Est. reading time" />
	<meta name="twitter:data1" content="7 minutes" />
<script type="application/ld+json" class="yoast-schema-graph">{"@context":"https:\/\/schema.org","@graph":[{"@type":"WebPage","@id":"https:\/\/www.domainedeprimard.fontenille-collection.com\/portfolio\/grande-chambre-deluxe\/","url":"https:\/\/www.domainedeprimard.fontenille-collection.com\/portfolio\/grande-chambre-deluxe\/","name":"Grande Chambre Deluxe – Château de Primard","isPartOf":{"@id":"https:\/\/www.domainedeprimard.fontenille-collection.com\/#website"},"primaryImageOfPage":{"@id":"https:\/\/www.domainedeprimard.fontenille-collection.com\/portfolio\/grande-chambre-deluxe\/#primaryimage"},"image":{"@id":"https:\/\/www.domainedeprimard.fontenille-collection.com\/portfolio\/grande-chambre-deluxe\/#primaryimage"},"thumbnailUrl":"https:\/\/www.domainedeprimard.fontenille-collection.com\/wp-content\/uploads\/2025\/10\/primard-giverny-campagne-eure-et-loire-proche-paris-chambre-lumiere-calme-campagne-charme-chambre-superieure-nature-768x768.webp","datePublished":"2025-09-30T11:22:03+00:00","dateModified":"2026-03-24T16:01:00+00:00","description":"Élégance et ambiance champêtre une Grande Deluxe au Domaine de Primard vue sur l'Eure. Un séjour de charme à 1 heure de Paris.","breadcrumb":{"@id":"https:\/\/www.domainedeprimard.fontenille-collection.com\/portfolio\/grande-chambre-deluxe\/#breadcrumb"},"inLanguage":"en-US","potentialAction":[{"@type":"ReadAction","target":["https:\/\/www.domainedeprimard.fontenille-collection.com\/portfolio\/grande-chambre-deluxe\/"]}]},{"@type":"ImageObject","inLanguage":"en-US","@id":"https:\/\/www.domainedeprimard.fontenille-collection.com\/portfolio\/grande-chambre-deluxe\/#primaryimage","url":"https:\/\/www.domainedeprimard.fontenille-collection.com\/wp-content\/uploads\/2025\/10\/primard-giverny-campagne-eure-et-loire-proche-paris-chambre-lumiere-calme-campagne-charme-chambre-superieure-nature-768x768.webp","contentUrl":"https:\/\/www.domainedeprimard.fontenille-collection.com\/wp-content\/uploads\/2025\/10\/primard-giverny-campagne-eure-et-loire-proche-paris-chambre-lumiere-calme-campagne-charme-chambre-superieure-nature-768x768.webp"},{"@type":"BreadcrumbList","@id":"https:\/\/www.domainedeprimard.fontenille-collection.com\/portfolio\/grande-chambre-deluxe\/#breadcrumb","itemListElement":[{"@type":"ListItem","position":1,"name":"Accueil","item":"https:\/\/www.domainedeprimard.fontenille-collection.com\/"},{"@type":"ListItem","position":2,"name":"Grande Deluxe"}]},{"@type":"WebSite","@id":"https:\/\/www.domainedeprimard.fontenille-collection.com\/#website","url":"https:\/\/www.domainedeprimard.fontenille-collection.com\/","name":"Domaine de Primard - Hôtel &amp; Spa d’exception près de Paris","description":"Aux portes de Giverny, l’art des jardins et le romantisme d’un Château","publisher":{"@id":"https:\/\/www.domainedeprimard.fontenille-collection.com\/#organization"},"potentialAction":[{"@type":"SearchAction","target":{"@type":"EntryPoint","urlTemplate":"https:\/\/www.domainedeprimard.fontenille-collection.com\/?s={search_term_string}"},"query-input":{"@type":"PropertyValueSpecification","valueRequired":true,"valueName":"search_term_string"}}],"inLanguage":"en-US"},{"@type":"Organization","@id":"https:\/\/www.domainedeprimard.fontenille-collection.com\/#organization","name":"Domaine de Primard - Hôtel &amp; Spa d’exception près de Paris","url":"https:\/\/www.domainedeprimard.fontenille-collection.com\/","logo":{"@type":"ImageObject","inLanguage":"en-US","@id":"https:\/\/www.domainedeprimard.fontenille-collection.com\/#\/schema\/logo\/image\/","url":"https:\/\/www.domainedeprimard.fontenille-collection.com\/wp-content\/uploads\/2024\/11\/LOGO-DOMAINE-DE-PRIMARD-WHITE.png","contentUrl":"https:\/\/www.domainedeprimard.fontenille-collection.com\/wp-content\/uploads\/2024\/11\/LOGO-DOMAINE-DE-PRIMARD-WHITE.png","width":1889,"height":212,"caption":"Domaine de Primard - Hôtel &amp; Spa d’exception près de Paris"},"image":{"@id":"https:\/\/www.domainedeprimard.fontenille-collection.com\/#\/schema\/logo\/image\/"}}]}</script>
<!-- / Yoast SEO plugin. -->

Large Deluxe Room - Château de Primard

Grande Chambre Deluxe – Château de Primard

Élégance et ambiance champêtre une Grande Deluxe au Domaine de Primard vue sur l'Eure. Un séjour de charme à 1 heure de Paris.

Domaine de Primard - Hôtel &amp; Spa d’exception près de Paris

At the gates of Giverny, the art of gardens and the romance of a Château
